{"id":547,"date":"2021-08-26T10:52:57","date_gmt":"2021-08-26T08:52:57","guid":{"rendered":"https:\/\/www.pinsarella.at\/?page_id=547"},"modified":"2022-06-27T14:25:05","modified_gmt":"2022-06-27T12:25:05","slug":"impressum","status":"publish","type":"page","link":"https:\/\/www.pinsarella.at\/?page_id=547","title":{"rendered":"Impressum"},"content":{"rendered":"\t\t<div data-elementor-type=\"wp-page\" data-elementor-id=\"547\" class=\"elementor elementor-547\">\n\t\t\t\t\t\t<div class=\"elementor-inner\">\n\t\t\t\t<div class=\"elementor-section-wrap\">\n\t\t\t\t\t\t\t\t\t<section class=\"elementor-section elementor-top-section elementor-element elementor-element-a0d009c elementor-section-boxed elementor-section-height-default elementor-section-height-default\" data-id=\"a0d009c\" data-element_type=\"section\">\n\t\t\t\t\t\t<div class=\"elementor-container elementor-column-gap-default\">\n\t\t\t\t\t\t\t<div class=\"elementor-row\">\n\t\t\t\t\t<div class=\"elementor-column elementor-col-100 elementor-top-column elementor-element elementor-element-dcda02c\" data-id=\"dcda02c\" data-element_type=\"column\">\n\t\t\t<div class=\"elementor-column-wrap elementor-element-populated\">\n\t\t\t\t\t\t\t<div class=\"elementor-widget-wrap\">\n\t\t\t\t\t\t<div class=\"elementor-element elementor-element-c4fba86 elementor-widget elementor-widget-spacer\" data-id=\"c4fba86\" data-element_type=\"widget\" data-widget_type=\"spacer.default\">\n\t\t\t\t<div class=\"elementor-widget-container\">\n\t\t\t\t\t<div class=\"elementor-spacer\">\n\t\t\t<div class=\"elementor-spacer-inner\"><\/div>\n\t\t<\/div>\n\t\t\t\t<\/div>\n\t\t\t\t<\/div>\n\t\t\t\t\t\t<\/div>\n\t\t\t\t\t<\/div>\n\t\t<\/div>\n\t\t\t\t\t\t\t\t<\/div>\n\t\t\t\t\t<\/div>\n\t\t<\/section>\n\t\t\t\t<section class=\"elementor-section elementor-top-section elementor-element elementor-element-18c3cf51 elementor-section-boxed elementor-section-height-default elementor-section-height-default\" data-id=\"18c3cf51\" data-element_type=\"section\">\n\t\t\t\t\t\t<div class=\"elementor-container elementor-column-gap-default\">\n\t\t\t\t\t\t\t<div class=\"elementor-row\">\n\t\t\t\t\t<div class=\"elementor-column elementor-col-100 elementor-top-column elementor-element elementor-element-7bfcddbb animated-slow\" data-id=\"7bfcddbb\" data-element_type=\"column\" data-settings=\"{&quot;animation&quot;:&quot;none&quot;,&quot;animation_delay&quot;:1000}\">\n\t\t\t<div class=\"elementor-column-wrap elementor-element-populated\">\n\t\t\t\t\t\t\t<div class=\"elementor-widget-wrap\">\n\t\t\t\t\t\t<div class=\"elementor-element elementor-element-31c218c0 elementor-widget elementor-widget-heading\" data-id=\"31c218c0\" data-element_type=\"widget\" data-widget_type=\"heading.default\">\n\t\t\t\t<div class=\"elementor-widget-container\">\n\t\t\t<h1 class=\"elementor-heading-title elementor-size-default\">IMPRESSUM<\/h1>\t\t<\/div>\n\t\t\t\t<\/div>\n\t\t\t\t\t\t<\/div>\n\t\t\t\t\t<\/div>\n\t\t<\/div>\n\t\t\t\t\t\t\t\t<\/div>\n\t\t\t\t\t<\/div>\n\t\t<\/section>\n\t\t\t\t<section class=\"elementor-section elementor-top-section elementor-element elementor-element-18a549b9 elementor-section-boxed elementor-section-height-default elementor-section-height-default\" data-id=\"18a549b9\" data-element_type=\"section\">\n\t\t\t\t\t\t<div class=\"elementor-container elementor-column-gap-default\">\n\t\t\t\t\t\t\t<div class=\"elementor-row\">\n\t\t\t\t\t<div class=\"elementor-column elementor-col-100 elementor-top-column elementor-element elementor-element-78e01707 animated-slow\" data-id=\"78e01707\" data-element_type=\"column\" data-settings=\"{&quot;animation&quot;:&quot;none&quot;,&quot;animation_delay&quot;:2300}\">\n\t\t\t<div class=\"elementor-column-wrap elementor-element-populated\">\n\t\t\t\t\t\t\t<div class=\"elementor-widget-wrap\">\n\t\t\t\t\t\t<div class=\"elementor-element elementor-element-ac7663e elementor-widget elementor-widget-spacer\" data-id=\"ac7663e\" data-element_type=\"widget\" data-widget_type=\"spacer.default\">\n\t\t\t\t<div class=\"elementor-widget-container\">\n\t\t\t\t\t<div class=\"elementor-spacer\">\n\t\t\t<div class=\"elementor-spacer-inner\"><\/div>\n\t\t<\/div>\n\t\t\t\t<\/div>\n\t\t\t\t<\/div>\n\t\t\t\t<div class=\"elementor-element elementor-element-236b504b elementor-widget elementor-widget-heading\" data-id=\"236b504b\" data-element_type=\"widget\" data-widget_type=\"heading.default\">\n\t\t\t\t<div class=\"elementor-widget-container\">\n\t\t\t<h6 class=\"elementor-heading-title elementor-size-default\">SOULKITCHEN GRUPPE \/ Glorious Bastards GmbH<\/h6>\t\t<\/div>\n\t\t\t\t<\/div>\n\t\t\t\t<div class=\"elementor-element elementor-element-31b19ac6 elementor-widget elementor-widget-text-editor\" data-id=\"31b19ac6\" data-element_type=\"widget\" data-widget_type=\"text-editor.default\">\n\t\t\t\t<div class=\"elementor-widget-container\">\n\t\t\t\t\t\t\t\t<div class=\"elementor-text-editor elementor-clearfix\">\n\t\t\t\t<p><b>Firmensitz: <\/b>Moserstrasse 37, 5020 Salzburg (Austria)<br \/><b style=\"color: var( --e-global-color-text ); background-color: var( --e-global-color-20666957 ); font-family: var(--bodyFontFamily),var(--nv-fallback-ff); letter-spacing: var(--bodyLetterSpacing); text-transform: var(--bodyTextTransform);\">Eingetragenes Gericht: <\/b><span style=\"color: var( --e-global-color-text ); background-color: var( --e-global-color-20666957 ); font-family: var(--bodyFontFamily),var(--nv-fallback-ff); letter-spacing: var(--bodyLetterSpacing); text-transform: var(--bodyTextTransform);\">LG Salzburg<br \/><\/span><b style=\"color: var( --e-global-color-text ); background-color: var( --e-global-color-20666957 ); font-family: var(--bodyFontFamily),var(--nv-fallback-ff); letter-spacing: var(--bodyLetterSpacing); text-transform: var(--bodyTextTransform);\">Firmenbuchnummer: <\/b><span style=\"color: var( --e-global-color-text ); background-color: var( --e-global-color-20666957 ); font-family: var(--bodyFontFamily),var(--nv-fallback-ff); letter-spacing: var(--bodyLetterSpacing); text-transform: var(--bodyTextTransform);\">FN 133503 d | ATU 67418902<br \/><\/span><b style=\"color: var( --e-global-color-text ); font-family: var(--bodyFontFamily),var(--nv-fallback-ff); letter-spacing: var(--bodyLetterSpacing); text-transform: var(--bodyTextTransform);\">Gesch\u00e4ftsf\u00fchrer:<\/b><span style=\"background-color: var( --e-global-color-20666957 ); color: var( --e-global-color-text ); font-family: var(--bodyFontFamily),var(--nv-fallback-ff); letter-spacing: var(--bodyLetterSpacing); text-transform: var(--bodyTextTransform);\"> Stefan Schwab<br \/><\/span><b style=\"color: var( --e-global-color-text ); font-family: var(--bodyFontFamily),var(--nv-fallback-ff); letter-spacing: var(--bodyLetterSpacing); text-transform: var(--bodyTextTransform); background-color: var( --e-global-color-20666957 );\">E-Mail:<\/b><span style=\"background-color: var( --e-global-color-20666957 ); font-family: var(--bodyFontFamily),var(--nv-fallback-ff); letter-spacing: var(--bodyLetterSpacing); text-transform: var(--bodyTextTransform); color: var( --e-global-color-text );\"><a href=\"mailto:office@soulkitchen.world\"> office@soulkitchen.world<\/a><\/span><br \/><b style=\"color: var( --e-global-color-text ); font-family: var(--bodyFontFamily),var(--nv-fallback-ff); letter-spacing: var(--bodyLetterSpacing); text-transform: var(--bodyTextTransform); background-color: var( --e-global-color-20666957 );\">Tel:<\/b> <span style=\"font-family: var(--bodyFontFamily),var(--nv-fallback-ff);\"><span style=\"letter-spacing: var(--bodyLetterSpacing); text-transform: var(--bodyTextTransform);\">+43 (0) 662 88 21 28<\/span><\/span><br \/><span style=\"color: var( --e-global-color-text ); background-color: var( --e-global-color-20666957 ); font-family: var(--bodyFontFamily),var(--nv-fallback-ff); letter-spacing: var(--bodyLetterSpacing); text-transform: var(--bodyTextTransform);\"><br \/><b>Haftung f\u00fcr Inhalte<br \/><\/b><\/span><span style=\"background-color: var( --e-global-color-20666957 ); color: var( --e-global-color-text ); font-family: var(--bodyFontFamily),var(--nv-fallback-ff); letter-spacing: var(--bodyLetterSpacing); text-transform: var(--bodyTextTransform);\">Die Inhalte unserer Webseiten wurden mit gr\u00f6\u00dfter Sorgfalt erstellt. Dennoch k\u00f6nnen wir nicht garantieren, dass unsere Inhalte stets uneingeschr\u00e4nkt korrekt und aktuell sind. Nach allgemein geltendem Recht sind wir f\u00fcr unsere eigenen Inhalte auf diesen Webseiten verantwortlich. Wir sind jedoch nicht verpflichtet, \u00fcbermittelte oder gespeicherte Fremdinformationen zu \u00fcberwachen oder Umst\u00e4nden zu untersuchen, die auf rechtswidrige Aktivit\u00e4ten hindeuten. Unter allgemein geltendem Recht bestehende Verpflichtungen, Informationen zu entfernen oder deren Nutzung zu verhindern, bleiben davon unber\u00fchrt. Eine Haftung in dieser Hinsicht ist jedoch erst ab dem Zeitpunkt der Kenntnis einer konkreten Rechtsverletzung m\u00f6glich. Bei Bekanntwerden derartiger Rechtsverletzungen werden entsprechende Inhalte umgehend entfernt.<\/span><\/p><p><span style=\"font-weight: bold;\">Haftung f\u00fcr Links<\/span><br \/><span style=\"color: var( --e-global-color-text ); background-color: var( --e-global-color-20666957 ); font-family: var(--bodyFontFamily),var(--nv-fallback-ff); letter-spacing: var(--bodyLetterSpacing); text-transform: var(--bodyTextTransform);\">Unser Angebot enth\u00e4lt m\u00f6glicherweise Links zu externen Webseiten Dritter, auf deren Inhalte wir keinen Einfluss haben. Folglich k\u00f6nnen wir f\u00fcr diese Inhalte Dritter auch keine Haftung \u00fcbernehmen. F\u00fcr die Inhalte der verlinkten Seiten ist stets der jeweilige Anbieter oder Betreiber dieser Seiten verantwortlich. Die verlinkten Seiten wurden zum Zeitpunkt der Verlinkung auf m\u00f6gliche Rechtsverst\u00f6\u00dfe \u00fcberpr\u00fcft. Rechtswidrige Inhalte waren zum Zeitpunkt der Verlinkung nicht erkennbar. Eine permanente inhaltliche Kontrolle der verlinkten Seiten ist jedoch ohne konkrete Anhaltspunkte einer Rechtsverletzung nicht angemessen. Bei Bekanntwerden von Rechtsverletzungen werden wir die entsprechenden Links umgehend entfernen.<\/span><\/p><p><span style=\"font-weight: bold;\">Urheberschutz<\/span><br \/><span style=\"color: var( --e-global-color-text ); background-color: var( --e-global-color-20666957 ); font-family: var(--bodyFontFamily),var(--nv-fallback-ff); letter-spacing: var(--bodyLetterSpacing); text-transform: var(--bodyTextTransform);\">Die Inhalte und Werke auf diesen Seiten unterliegen dem deutschen Urheberrecht. Die Vervielf\u00e4ltigung, Bearbeitung, Verbreitung und jedwede Verwertung au\u00dferhalb der Grenzen des Urheberrechtes bed\u00fcrfen der schriftlichen Zustimmung des jeweiligen Verfassers bzw. Erstellers. Downloads und Kopien dieser Webseite sind nur f\u00fcr den privaten, nichtkommerziellen Gebrauch gestattet. Sofern die Inhalte auf dieser Webseite nicht vom Betreiber erstellt wurden, sind die Urheberrechte Dritter beachtet worden. Insbesondere werden Inhalte Dritter als solche gekennzeichnet. Sollten Sie trotzdem auf eine Urheberrechtsverletzung aufmerksam werden, bitten wir Sie um einen entsprechenden Hinweis. Bei Bekanntwerden derartiger Rechtsverletzungen werden entsprechende Inhalte umgehend entfernt.<\/span><\/p><p><span style=\"font-weight: bold;\">Datenschutz<\/span><br \/><span style=\"color: var( --e-global-color-text ); background-color: var( --e-global-color-20666957 ); font-family: var(--bodyFontFamily),var(--nv-fallback-ff); letter-spacing: var(--bodyLetterSpacing); text-transform: var(--bodyTextTransform);\">Ausf\u00fchrliche Informationen zum Datenschutz bietet unsere Datenschutzerkl\u00e4rung. Diese ist abrufbar unter\u00a0<\/span><a style=\"background-color: var( --e-global-color-20666957 ); font-family: var(--bodyFontFamily),var(--nv-fallback-ff); letter-spacing: var(--bodyLetterSpacing); text-transform: var(--bodyTextTransform);\" href=\"https:\/\/www.pinsarella.at\/?page_id=549\" target=\"_blank\" rel=\"noopener\">https:\/\/pinsarella.at\/datenschutz<\/a><\/p><p><span style=\"font-weight: bold;\">Allgemeine Gesch\u00e4ftsbedingungen<\/span><br \/><span style=\"color: var( --e-global-color-text ); background-color: var( --e-global-color-20666957 ); font-family: var(--bodyFontFamily),var(--nv-fallback-ff); letter-spacing: var(--bodyLetterSpacing); text-transform: var(--bodyTextTransform);\">Informationen zu unseren Allgemeinen Gesch\u00e4ftsbedingungen sind abrufbar unter\u00a0<\/span><a style=\"background-color: var( --e-global-color-20666957 ); font-family: var(--bodyFontFamily),var(--nv-fallback-ff); letter-spacing: var(--bodyLetterSpacing); text-transform: var(--bodyTextTransform);\" href=\"http:\/\/www.pinsarella.at\/agb\" target=\"_blank\" rel=\"noopener\">https:\/\/pinsarella.at\/agb<\/a><\/p><p><span style=\"font-weight: bold;\">Europ\u00e4ische Online-Streitbeilegung (ODR)<\/span><br \/><span style=\"color: var( --e-global-color-text ); background-color: var( --e-global-color-20666957 ); font-family: var(--bodyFontFamily),var(--nv-fallback-ff); letter-spacing: var(--bodyLetterSpacing); text-transform: var(--bodyTextTransform);\">Die Europ\u00e4ische Kommission stellt eine Plattform zur Online-Streitbeilegung bereit, die verf\u00fcgbar ist unter:\u00a0<\/span><a href=\"http:\/\/ec.europa.eu\/consumers\/odr\/\" target=\"_blank\" rel=\"noopener\">http:\/\/ec.europa.eu\/consumers\/odr\/<\/a><span style=\"color: var( --e-global-color-text ); background-color: var( --e-global-color-20666957 ); font-family: var(--bodyFontFamily),var(--nv-fallback-ff); letter-spacing: var(--bodyLetterSpacing); text-transform: var(--bodyTextTransform);\">.<br \/>Seit dem 15. Februar 2016 k\u00f6nnen Verbraucher diese Plattform zur Beilegung ihrer mit Onlinebestellungen in Zusammenhang stehenden Streitigkeiten nutzen.<\/span><\/p>\t\t\t\t\t<\/div>\n\t\t\t\t\t\t<\/div>\n\t\t\t\t<\/div>\n\t\t\t\t\t\t<\/div>\n\t\t\t\t\t<\/div>\n\t\t<\/div>\n\t\t\t\t\t\t\t\t<\/div>\n\t\t\t\t\t<\/div>\n\t\t<\/section>\n\t\t\t\t\t\t\t\t\t<\/div>\n\t\t\t<\/div>\n\t\t\t\t\t<\/div>\n\t\t","protected":false},"excerpt":{"rendered":"<p>IMPRESSUM SOULKITCHEN GRUPPE \/ Glorious Bastards GmbH Firmensitz: Moserstrasse 37, 5020 Salzburg (Austria)Eingetragenes Gericht: LG SalzburgFirmenbuchnummer: FN 133503 d | ATU 67418902Gesch\u00e4ftsf\u00fchrer: Stefan SchwabE-Mail: office@soulkitchen.worldTel: +43 (0) 662 88 21 28 Haftung f\u00fcr InhalteDie Inhalte unserer Webseiten wurden mit gr\u00f6\u00dfter Sorgfalt erstellt. Dennoch k\u00f6nnen wir nicht garantieren, dass unsere Inhalte stets uneingeschr\u00e4nkt korrekt und aktuell&hellip;&nbsp;<a href=\"https:\/\/www.pinsarella.at\/?page_id=547\" class=\"\" rel=\"bookmark\">Weiterlesen &raquo;<span class=\"screen-reader-text\">Impressum<\/span><\/a><\/p>\n","protected":false},"author":1,"featured_media":0,"parent":0,"menu_order":0,"comment_status":"closed","ping_status":"closed","template":"","meta":{"neve_meta_sidebar":"","neve_meta_container":"","neve_meta_enable_content_width":"","neve_meta_content_width":0,"neve_meta_title_alignment":"","neve_meta_author_avatar":"","neve_post_elements_order":"","neve_meta_disable_header":"","neve_meta_disable_footer":"","neve_meta_disable_title":"on","_ti_tpc_template_sync":false,"_ti_tpc_template_id":"","spay_email":"","footnotes":""},"class_list":["post-547","page","type-page","status-publish","hentry"],"yoast_head":"<!-- This site is optimized with the Yoast SEO plugin v27.3 - https:\/\/yoast.com\/product\/yoast-seo-wordpress\/ -->\n<title>Impressum &#8212; pinsarella<\/title>\n<meta name=\"description\" content=\"Unser Impressum gibt Auskunft \u00fcber Firmeninformationen und der Haftung. Wir haben diese mit Sorgfalt erstellt.\" \/>\n<meta name=\"robots\" content=\"index, follow, max-snippet:-1, max-image-preview:large, max-video-preview:-1\" \/>\n<link rel=\"canonical\" href=\"https:\/\/www.pinsarella.at\/?page_id=547\" \/>\n<meta property=\"og:locale\" content=\"de_DE\" \/>\n<meta property=\"og:type\" content=\"article\" \/>\n<meta property=\"og:title\" content=\"Impressum &#8212; pinsarella\" \/>\n<meta property=\"og:description\" content=\"Unser Impressum gibt Auskunft \u00fcber Firmeninformationen und der Haftung. Wir haben diese mit Sorgfalt erstellt.\" \/>\n<meta property=\"og:url\" content=\"https:\/\/www.pinsarella.at\/?page_id=547\" \/>\n<meta property=\"og:site_name\" content=\"pinsarella\" \/>\n<meta property=\"article:modified_time\" content=\"2022-06-27T12:25:05+00:00\" \/>\n<meta name=\"twitter:card\" content=\"summary_large_image\" \/>\n<meta name=\"twitter:label1\" content=\"Gesch\u00e4tzte Lesezeit\" \/>\n\t<meta name=\"twitter:data1\" content=\"3\u00a0Minuten\" \/>\n<script type=\"application\/ld+json\" class=\"yoast-schema-graph\">{\"@context\":\"https:\\\/\\\/schema.org\",\"@graph\":[{\"@type\":\"WebPage\",\"@id\":\"https:\\\/\\\/www.pinsarella.at\\\/?page_id=547\",\"url\":\"https:\\\/\\\/www.pinsarella.at\\\/?page_id=547\",\"name\":\"Impressum &#8212; pinsarella\",\"isPartOf\":{\"@id\":\"https:\\\/\\\/www.pinsarella.at\\\/#website\"},\"datePublished\":\"2021-08-26T08:52:57+00:00\",\"dateModified\":\"2022-06-27T12:25:05+00:00\",\"description\":\"Unser Impressum gibt Auskunft \u00fcber Firmeninformationen und der Haftung. Wir haben diese mit Sorgfalt erstellt.\",\"breadcrumb\":{\"@id\":\"https:\\\/\\\/www.pinsarella.at\\\/?page_id=547#breadcrumb\"},\"inLanguage\":\"de\",\"potentialAction\":[{\"@type\":\"ReadAction\",\"target\":[\"https:\\\/\\\/www.pinsarella.at\\\/?page_id=547\"]}]},{\"@type\":\"BreadcrumbList\",\"@id\":\"https:\\\/\\\/www.pinsarella.at\\\/?page_id=547#breadcrumb\",\"itemListElement\":[{\"@type\":\"ListItem\",\"position\":1,\"name\":\"Home\",\"item\":\"https:\\\/\\\/www.pinsarella.at\\\/\"},{\"@type\":\"ListItem\",\"position\":2,\"name\":\"Impressum\"}]},{\"@type\":\"WebSite\",\"@id\":\"https:\\\/\\\/www.pinsarella.at\\\/#website\",\"url\":\"https:\\\/\\\/www.pinsarella.at\\\/\",\"name\":\"pinsarella\",\"description\":\"la pinsa originale\",\"publisher\":{\"@id\":\"https:\\\/\\\/www.pinsarella.at\\\/#organization\"},\"potentialAction\":[{\"@type\":\"SearchAction\",\"target\":{\"@type\":\"EntryPoint\",\"urlTemplate\":\"https:\\\/\\\/www.pinsarella.at\\\/?s={search_term_string}\"},\"query-input\":{\"@type\":\"PropertyValueSpecification\",\"valueRequired\":true,\"valueName\":\"search_term_string\"}}],\"inLanguage\":\"de\"},{\"@type\":\"Organization\",\"@id\":\"https:\\\/\\\/www.pinsarella.at\\\/#organization\",\"name\":\"Pinsarella\",\"url\":\"https:\\\/\\\/www.pinsarella.at\\\/\",\"logo\":{\"@type\":\"ImageObject\",\"inLanguage\":\"de\",\"@id\":\"https:\\\/\\\/www.pinsarella.at\\\/#\\\/schema\\\/logo\\\/image\\\/\",\"url\":\"https:\\\/\\\/www.pinsarella.at\\\/wp-content\\\/uploads\\\/2021\\\/11\\\/cropped-pinsarella-favicon-512x512-02.png\",\"contentUrl\":\"https:\\\/\\\/www.pinsarella.at\\\/wp-content\\\/uploads\\\/2021\\\/11\\\/cropped-pinsarella-favicon-512x512-02.png\",\"width\":512,\"height\":512,\"caption\":\"Pinsarella\"},\"image\":{\"@id\":\"https:\\\/\\\/www.pinsarella.at\\\/#\\\/schema\\\/logo\\\/image\\\/\"},\"sameAs\":[\"https:\\\/\\\/www.instagram.com\\\/pinsarella_delivery\\\/\"]}]}<\/script>\n<!-- \/ Yoast SEO plugin. -->","yoast_head_json":{"title":"Impressum &#8212; pinsarella","description":"Unser Impressum gibt Auskunft \u00fcber Firmeninformationen und der Haftung. Wir haben diese mit Sorgfalt erstellt.","robots":{"index":"index","follow":"follow","max-snippet":"max-snippet:-1","max-image-preview":"max-image-preview:large","max-video-preview":"max-video-preview:-1"},"canonical":"https:\/\/www.pinsarella.at\/?page_id=547","og_locale":"de_DE","og_type":"article","og_title":"Impressum &#8212; pinsarella","og_description":"Unser Impressum gibt Auskunft \u00fcber Firmeninformationen und der Haftung. Wir haben diese mit Sorgfalt erstellt.","og_url":"https:\/\/www.pinsarella.at\/?page_id=547","og_site_name":"pinsarella","article_modified_time":"2022-06-27T12:25:05+00:00","twitter_card":"summary_large_image","twitter_misc":{"Gesch\u00e4tzte Lesezeit":"3\u00a0Minuten"},"schema":{"@context":"https:\/\/schema.org","@graph":[{"@type":"WebPage","@id":"https:\/\/www.pinsarella.at\/?page_id=547","url":"https:\/\/www.pinsarella.at\/?page_id=547","name":"Impressum &#8212; pinsarella","isPartOf":{"@id":"https:\/\/www.pinsarella.at\/#website"},"datePublished":"2021-08-26T08:52:57+00:00","dateModified":"2022-06-27T12:25:05+00:00","description":"Unser Impressum gibt Auskunft \u00fcber Firmeninformationen und der Haftung. Wir haben diese mit Sorgfalt erstellt.","breadcrumb":{"@id":"https:\/\/www.pinsarella.at\/?page_id=547#breadcrumb"},"inLanguage":"de","potentialAction":[{"@type":"ReadAction","target":["https:\/\/www.pinsarella.at\/?page_id=547"]}]},{"@type":"BreadcrumbList","@id":"https:\/\/www.pinsarella.at\/?page_id=547#breadcrumb","itemListElement":[{"@type":"ListItem","position":1,"name":"Home","item":"https:\/\/www.pinsarella.at\/"},{"@type":"ListItem","position":2,"name":"Impressum"}]},{"@type":"WebSite","@id":"https:\/\/www.pinsarella.at\/#website","url":"https:\/\/www.pinsarella.at\/","name":"pinsarella","description":"la pinsa originale","publisher":{"@id":"https:\/\/www.pinsarella.at\/#organization"},"potentialAction":[{"@type":"SearchAction","target":{"@type":"EntryPoint","urlTemplate":"https:\/\/www.pinsarella.at\/?s={search_term_string}"},"query-input":{"@type":"PropertyValueSpecification","valueRequired":true,"valueName":"search_term_string"}}],"inLanguage":"de"},{"@type":"Organization","@id":"https:\/\/www.pinsarella.at\/#organization","name":"Pinsarella","url":"https:\/\/www.pinsarella.at\/","logo":{"@type":"ImageObject","inLanguage":"de","@id":"https:\/\/www.pinsarella.at\/#\/schema\/logo\/image\/","url":"https:\/\/www.pinsarella.at\/wp-content\/uploads\/2021\/11\/cropped-pinsarella-favicon-512x512-02.png","contentUrl":"https:\/\/www.pinsarella.at\/wp-content\/uploads\/2021\/11\/cropped-pinsarella-favicon-512x512-02.png","width":512,"height":512,"caption":"Pinsarella"},"image":{"@id":"https:\/\/www.pinsarella.at\/#\/schema\/logo\/image\/"},"sameAs":["https:\/\/www.instagram.com\/pinsarella_delivery\/"]}]}},"_links":{"self":[{"href":"https:\/\/www.pinsarella.at\/index.php?rest_route=\/wp\/v2\/pages\/547","targetHints":{"allow":["GET"]}}],"collection":[{"href":"https:\/\/www.pinsarella.at\/index.php?rest_route=\/wp\/v2\/pages"}],"about":[{"href":"https:\/\/www.pinsarella.at\/index.php?rest_route=\/wp\/v2\/types\/page"}],"author":[{"embeddable":true,"href":"https:\/\/www.pinsarella.at\/index.php?rest_route=\/wp\/v2\/users\/1"}],"replies":[{"embeddable":true,"href":"https:\/\/www.pinsarella.at\/index.php?rest_route=%2Fwp%2Fv2%2Fcomments&post=547"}],"version-history":[{"count":50,"href":"https:\/\/www.pinsarella.at\/index.php?rest_route=\/wp\/v2\/pages\/547\/revisions"}],"predecessor-version":[{"id":1369,"href":"https:\/\/www.pinsarella.at\/index.php?rest_route=\/wp\/v2\/pages\/547\/revisions\/1369"}],"wp:attachment":[{"href":"https:\/\/www.pinsarella.at\/index.php?rest_route=%2Fwp%2Fv2%2Fmedia&parent=547"}],"curies":[{"name":"wp","href":"https:\/\/api.w.org\/{rel}","templated":true}]}}